 when 325 is divided by 79?
9
Calculate the remainder when 165 is divided by 21.
18
What is the remainder when 137 is divided by 132?
5
What is the remainder when 761 is divided by 51?
47
What is the remainder when 42031 is divided by 142?
141
Calculate the remainder when 504 is divided by 23.
21
Calculate the remainder when 1595 is divided by 42.
41
Calculate the remainder when 6289 is divided by 9.
7
Calculate the remainder when 3333 is divided by 29.
27
What is the remainder when 114 is divided by 110?
4
Calculate the remainder when 325 is divided by 33.
28
What is the remainder when 284 is divided by 73?
65
Calculate the remainder when 109 is divided by 20.
9
Calculate the remainder when 163 is divided by 58.
47
What is the remainder when 231 is divided by 41?
26
Calculate the remainder when 130 is divided by 33.
31
Calculate the remainder when 104 is divided by 75.
29
What is the remainder when 5398 is divided by 37?
33
What is the remainder when 14 is divided by 8?
6
Calculate the remainder when 6 is divided by 6.
0
Calculate the remainder when 184 is divided by 75.
34
What is the remainder when 281 is divided by 37?
22
What is the remainder when 317 is divided by 69?
41
What is the remainder when 32 is divided by 5?
2
What is the remainder when 4622 is divided by 15?
2
Calculate the remainder when 13597 is divided by 170.
167
Calculate the remainder when 75 is divided by 52.
23
What is the remainder when 2479 is divided by 20?
19
Calculate the remainder when 27129 is divided by 102.
99
What is the remainder when 509 is divided by 10?
9
What is the remainder when 1066 is divided by 315?
121
Calculate the remainder when 94 is divided by 33.
28
Calculate the remainder when 4519 is divided by 11.
9
Calculate the remainder when 27 is divided by 16.
11
What is the remainder when 3564 is divided by 41?
38
What is the remainder when 1617 is divided by 234?
213
Calculate the remainder when 75 is divided by 39.
36
Calculate the remainder when 213 is divided by 36.
33
What is the remainder when 19 is divided by 6?
1
What is the remainder when 196 is divided by 40?
36
What is the remainder when 127 is divided by 11?
6
What is the remainder when 301 is divided by 34?
29
What is the remainder when 449 is divided by 5?
4
Calculate the remainder when 991 is divided by 164.
7
What is the remainder when 129 is divided by 52?
25
Calculate the remainder when 1575 is divided by 19.
17
Calculate the remainder when 1049 is divided by 35.
34
What is the remainder when 197 is divided by 42?
29
What is the remainder when 383 is divided by 6?
5
What is the remainder when 78 is divided by 10?
8
What is the remainder when 115 is divided by 12?
7
What is the remainder when 253 is divided by 19?
6
Calculate the remainder when 646 is divided by 54.
52
Calculate the remainder when 525 is divided by 71.
28
Calculate the remainder when 11633 is divided by 6.
5
Calculate the remainder when 1402 is divided by 61.
60
What is the remainder when 64 is divided by 23?
18
Calculate the remainder when 1442 is divided by 38.
36
What is the remainder when 66 is divided by 10?
6
What is the remainder when 197 is divided by 72?
53
What is the remainder when 11316 is divided by 147?
144
Calculate the remainder when 132 is divided by 68.
64
Calculate the remainder when 10263 is divided by 26.
19
What is the remainder when 106 is divided by 59?
47
What is the remainder when 1483 is divided by 106?
105
Calculate the remainder when 2956 is divided by 185.
181
What is the remainder when 338 is divided by 4?
2
What is the remainder when 9 is divided by 6?
3
What is the remainder when 105 is divided by 94?
11
What is the remainder when 145 is divided by 53?
39
What is the remainder when 539 is divided by 16?
11
What is the remainder when 462 is divided by 389?
73
What is the remainder when 1860 is divided by 27?
24
Calculate the remainder when 97 is divided by 10.
7
Calculate the remainder when 1282 is divided by 256.
2
Calculate the remainder when 92 is divided by 16.
12
What is the remainder when 713 is divided by 198?
119
Calculate the remainder when 7323 is divided by 6.
3
Calculate the remainder when 452 is divided by 57.
53
What is the remainder when 113 is divided by 59?
54
Calculate the remainder when 517 is divided by 37.
36
What is the remainder when 364 is divided by 55?
34
Calculate the remainder when 688 is divided by 168.
16
What is the remainder when 195 is divided by 28?
27
What is the remainder when 73 is divided by 29?
15
Calculate the remainder when 526 is divided by 115.
66
What is the remainder when 3476 is divided by 31?
4
What is the remainder when 244 is divided by 84?
76
What is the remainder when 279 is divided by 71?
66
What is the remainder when 113 is divided by 29?
26
Calculate the remainder when 196 is divided by 104.
92
What is the remainder when 98 is divided by 11?
10
Calculate the remainder when 457 is divided by 9.
7
What is the remainder when 492 is divided by 13?
11
What is the remainder when 245 is divided by 82?
81
Calculate the remainder when 235 is divided by 7.
4
Calculate the remainder when 2886 is divided by 955.
21
Calculate the remainder when 45 is divided by 43.
2
Calculate the remainder when 56 is divided by 39.
17
Calculate the remainder when 646 is divided by 261.
124
What is the remainder when 1468 is divided by 195?
103
What is the remainder when 153 is divided by 25?
3
What is the remainder when 437 is divided by 20?
17
What is the remainder when 7213 is divided by 195?
193
Calculate the remainder when 60 is divided by 6.
0
What is the remainder when 647 is divided by 217?
213
Calculate the remainder when 85 is divided by 27.
4
What is the remainder when 35946 is divided by 69?
66
Calculate the remainder when 145 is divided by 76.
69
Calculate the remainder when 3926 is divided by 32.
22
Calculate the remainder when 3219 is divided by 75.
69
What is the remainder when 336 is divided by 38?
32
What is the remainder when 589 is divided by 11?
6
What is the remainder when 31 is divided by 6?
1
Calculate the remainder when 394 is divided by 36.
34
Calculate the remainder when 410 is divided by 23.
19
Calculate the remainder when 1476 is divided by 472.
60
Calculate the remainder when 476 is divided by 43.
3
Calculate the remainder when 94 is divided by 25.
19
What is the remainder when 44 is divided by 23?
21
Calculate the remainder when 313 is divided by 102.
7
What is the remainder when 260 is divided by 54?
44
What is the remainder when 269 is divided by 97?
75
Calculate the remainder when 684 is divided by 158.
52
Calculate the remainder when 500 is divided by 160.
20
What is the remainder when 41 is divided by 40?
1
What is the remainder when 981 is divided by 123?
120
Calculate the remainder when 62 is divided by 2.
0
What is the remainder when 303 is divided by 138?
27
Calculate the remainder when 35 is divided by 32.
3
Calculate the remainder when 452 is divided by 15.
2
Calculate the remainder when 156 is divided by 48.
12
Calculate the remainder when 351 is divided by 71.
67
Calculate the remainder when 80 is divided by 77.
3
Calculate the remainder when 139 is divided by 14.
13
What is the remainder when 44 is divided by 16?
12
Calculate the remainder when 3691 is divided by 78.
25
Calculate the remainder when 991 is divided by 229.
75
What is the remainder when 48 is divided by 33?
15
Calculate the remainder when 332 is divided by 26.
20
Calculate the remainder when 187 is divided by 80.
27
Calculate the remainder when 237 is divided by 26.
3
Calculate the remainder when 1259 is divided by 90.
89
Calculate the remainder when 216 is divided by 31.
30
Calculate the remainder when 67 is divided by 65.
2
What is the remainder when 496 is divided by 202?
92
What is the remainder when 640 is divided by 467?
173
What is the remainder when 62 is divided by 15?
2
What is the remainder when 529 is divided by 6?
1
What is the remainder when 422 is divided by 4?
2
What is the remainder when 565 is divided by 57?
52
What is the remainder when 678 is divided by 587?
91
What is the remainder when 1525 is divided by 77?
62
Calculate the remainder when 38 is divided by 19.
0
Calculate the remainder when 2462 is divided by 17.
14
What is the r